e factors of 100962489.
3, 33654163
What are the prime factors of 59728658?
2, 11, 691, 3929
What are the prime factors of 1171844908?
2, 13, 37, 609067
What are the prime factors of 48938170?
2, 5, 71, 68927
List the prime factors of 2361523624.
2, 1069, 276137
List the prime factors of 4653850776.
2, 3, 17, 197, 57901
List the prime factors of 93999131.
503, 186877
What are the prime factors of 356885549?
23, 15516763
What are the prime factors of 879965212?
2, 7, 29, 37369
What are the prime factors of 56621364?
2, 3, 71, 66457
List the prime factors of 213709243.
11, 151, 128663
What are the prime factors of 3658232334?
2, 3, 211, 2889599
List the prime factors of 8028540.
2, 3, 5, 13, 47, 73
What are the prime factors of 3658331868?
2, 3, 304860989
What are the prime factors of 53088726?
2, 3, 8848121
What are the prime factors of 102324260?
2, 5, 149, 34337
List the prime factors of 101745049.
7, 14535007
What are the prime factors of 5351661947?
16979, 315193
What are the prime factors of 85356308?
2, 21339077
List the prime factors of 59618988.
2, 3, 11, 13, 37, 313
What are the prime factors of 376168274?
2, 188084137
List the prime factors of 5824608.
2, 3, 17, 43, 83
What are the prime factors of 82104704?
2, 11, 58313
List the prime factors of 29907019.
61, 307, 1597
List the prime factors of 41451726.
2, 3, 6908621
List the prime factors of 8104203.
3, 19, 83, 571
What are the prime factors of 233530190?
2, 5, 17, 53, 25919
What are the prime factors of 6371044635?
3, 5, 569, 823, 907
What are the prime factors of 2394733733?
7, 6981731
What are the prime factors of 16524462?
2, 3, 883, 3119
List the prime factors of 357963565.
5, 71592713
List the prime factors of 76660091.
76660091
What are the prime factors of 18061601?
23, 785287
What are the prime factors of 164995815?
3, 5, 10999721
What are the prime factors of 316165094?
2, 7, 31, 67, 83, 131
List the prime factors of 4833400403.
13, 371800031
List the prime factors of 71146907.
13, 5472839
What are the prime factors of 812158119?
3, 17, 31, 171233
What are the prime factors of 201770983?
201770983
List the prime factors of 2347352.
2, 7, 167, 251
List the prime factors of 23858125.
5, 59, 647
List the prime factors of 34256337.
3, 29, 43, 9157
What are the prime factors of 3711484406?
2, 7, 409, 648181
List the prime factors of 230132985.
3, 5, 97, 277, 571
What are the prime factors of 163666632?
2, 3, 6819443
What are the prime factors of 77567135?
5, 883, 17569
What are the prime factors of 4790266234?
2, 13, 3319, 55511
List the prime factors of 3479412567.
3, 4027, 288007
List the prime factors of 132437777.
132437777
What are the prime factors of 48748638?
2, 3, 23, 61, 5791
List the prime factors of 6236118748.
2, 79, 97, 203449
What are the prime factors of 2439935827?
7, 4451, 78311
List the prime factors of 17746717.
37, 293, 1637
List the prime factors of 32207817.
3, 43, 61, 4093
List the prime factors of 2254302037.
13, 29, 5979581
What are the prime factors of 70119923?
31, 2261933
List the prime factors of 28982609.
461, 62869
List the prime factors of 48784953.
3, 7, 353, 6581
List the prime factors of 649278325.
5, 25971133
What are the prime factors of 36101837?
661, 54617
List the prime factors of 136296124.
2, 353, 96527
List the prime factors of 832535803.
11, 199, 380327
List the prime factors of 838892816.
2, 52430801
What are the prime factors of 1286732559?
3, 7, 43, 563, 2531
What are the prime factors of 33943498?
2, 1951, 8699
List the prime factors of 197106611.
13, 863, 17569
List the prime factors of 257235788.
2, 64308947
What are the prime factors of 1991722269?
3, 663907423
What are the prime factors of 9257486261?
19, 3461, 140779
What are the prime factors of 21969988?
2, 401, 13697
List the prime factors of 49084783.
11, 23, 131, 1481
List the prime factors of 293818997.
23, 41, 59, 5281
What are the prime factors of 502777835?
5, 7, 2861, 5021
List the prime factors of 146708664.
2, 3, 53, 115337
What are the prime factors of 298534942?
2, 2053, 72707
What are the prime factors of 5977397380?
2, 5, 41, 59, 123551
List the prime factors of 4098262176.
2, 3, 23, 206233
List the prime factors of 1275502814.
2, 1693, 376699
List the prime factors of 63742567.
7, 9106081
What are the prime factors of 73113997?
11, 193, 34439
What are the prime factors of 4637462565?
3, 5, 4547, 67993
List the prime factors of 414867447.
3, 15365461
List the prime factors of 265831661.
29, 9166609
What are the prime factors of 1392043283?
17, 23, 3560213
What are the prime factors of 89040189?
3, 7, 79, 191, 281
List the prime factors of 20983019.
643, 32633
List the prime factors of 684878842.
2, 41, 61, 269, 509
What are the prime factors of 66040431?
3, 22013477
What are the prime factors of 422852764?
2, 17, 59, 105397
List the prime factors of 97106432.
2, 189661
What are the prime factors of 2458327764?
2, 3, 204860647
List the prime factors of 18268161.
3, 6089387
What are the prime factors of 12006594?
2, 3, 19, 35107
What are the prime factors of 2133436739?
7, 179, 1702663
What are the prime factors of 2406454661?
13, 47, 193, 20407
What are the prime factors of 246484312?
2, 3793, 8123
List the prime factors of 4166209495.
5, 7, 119034557
What are the prime factors of 228477936?
2, 3, 31, 233, 659
List the prime factors of 31808291.
1373, 23167
What are the prime factors of 6297774?
2, 3, 7, 31, 691
List the prime factors of 1631752867.
61, 73, 366439
What are the prime factors of 58247618?
2, 11, 13, 203663
List the prime factors of 87940071.
3, 9771119
List the prime factors of 2652884030.
2, 5, 265288403
List the prime factors of 16148716.
2, 4037179
List the prime factors of 35167054.
2, 13, 397, 3407
List the prime factors of 787330103.
7, 112475729
What are the prime factors of 32537187?
3, 1205081
What are the prime factors of 246299914?
2, 7, 1021, 17231
List the prime factors of 15427826.
2, 29, 461, 577
What are the prime factors of 7810235?
5, 19, 4327
List the prime factors of 1017067599.
3, 1373, 82307
What are the prime factors of 225470676?
2, 3, 18789223
List the prime factors of 1702874881.
67, 487, 52189
List the prime factors of 255341239.
23, 11101793
What are the prime factors of 37813669?
103, 367123
List the prime factors of 485128990.
2, 5, 48512899
List the prime factors of 39031160.
2, 5, 7, 139397
What are the prime factors of 47670796?
2, 3119, 3821
What are the prime factors of 3740383093?
47, 811, 98129
What are the prime factors of 252860861?
11, 97, 236983
List the prime factors of 1401672134.
2, 17, 41225651
What are the prime factors of 30745251?
3, 379571
List the prime factors of 4163599184.
2, 43, 6051743
What are the prime factors of 200284184?
2, 23, 71, 15331
List the prime factors of 192759182.
2, 7, 11, 23, 54421
What are the prime factors of 1086707216?
2, 7, 9702743
What are the prime factors of 218473502?
2, 13, 41, 204947
What are the prime factors of 107422020?
2, 3, 5, 596789
List the prime factors of 19348343.
7, 2764049
What are the prime factors of 170318394?
2, 3, 19, 317, 1571
List the prime factors of 2774979913.
2774979913
List the prime factors of 109209775.
5, 4368391
What are the prime factors of 25537992?
2, 3, 37, 28759
List the prime factors of 359585228.
2, 89896307
List the prime factors of 286351629.
3, 61, 709, 2207
List the prime factors of 3634311394.
2, 7, 259593671
List the prime factors of 105869722.
2, 7, 7562123
List the prime factors of 1855611638.
2, 181, 5125999
List the prime factors of 34165396.
2, 23, 109, 3407
What are the prime factors of 46296991?
13, 709, 5023
List the prime factors of 183812766.
2, 3, 139, 220399
List the prime factors of 17266764.
2, 3, 17, 53, 1597
What are the prime factors of 1354320483?
3, 451440161
What are the prime factors of 43762936?
2, 7, 781481
List the prime factors of 534728089.
7, 76389727
What are the prime factors of 58033515?
3, 5, 3868901
List the prime factors of 4816755699.
3, 7, 53, 4327723
What are the prime factors of 171504977?
7, 61, 401651
What are the prime factors of 2633035414?
2, 197, 33923
List the prime factors of 528351744.
2, 3, 61, 5639
List the prime factors of 338921934.
2, 3, 13, 4345153
What are the prim